{"id":2,"date":"2022-08-09T22:34:08","date_gmt":"2022-08-09T20:34:08","guid":{"rendered":"http:\/\/joannamazgaj.pl\/?page_id=2"},"modified":"2025-11-25T23:27:02","modified_gmt":"2025-11-25T22:27:02","slug":"strona-glowna","status":"publish","type":"page","link":"https:\/\/joannamazgaj.pl\/","title":{"rendered":"Notariusz Joanna Mazgaj Jaworzno"},"content":{"rendered":"<p>Jestem absolwentk\u0105 studi\u00f3w magisterskich na Wydziale Prawa i Administracji Uniwersytetu Jagiello\u0144skiego oraz studi\u00f3w magisterskich na Wydziale Ekonomii i Stosunk\u00f3w Mi\u0119dzynarodowych Uniwersytetu Ekonomicznego w Krakowie. Po uko\u0144czeniu studi\u00f3w odby\u0142am aplikacj\u0119 notarialn\u0105 przy Izbie Notarialnej w Krakowie. Pracowa\u0142am jako asystent notariusza w kancelariach notarialnych w Krakowie i Katowicach, a tak\u017ce jako asystent s\u0119dziego w S\u0105dzie Rejonowym w Chrzanowie. Nast\u0119pnie po z\u0142o\u017conym egzaminie notarialnym pe\u0142ni\u0142am funkcj\u0119 zast\u0119pcy notarialnego w kancelarii notarialnej w Jaworznie. Obecnie prowadz\u0119 swoj\u0105 Kancelari\u0119 Notarialn\u0105 w Jaworznie przy alei Marsza\u0142ka J\u00f3zefa Pi\u0142sudskiego 72.<\/p>\n<p>Jako osoba zaufania publicznego swoim Klientom zapewniam profesjonalizm i rzetelno\u015b\u0107 oraz gwarantuj\u0119 merytoryczne i indywidualne podej\u015bcie do ka\u017cdej sprawy.<\/p>\n","protected":false},"excerpt":{"rendered":"<p>Jestem absolwentk\u0105 studi\u00f3w magisterskich na Wydziale Prawa i Administracji Uniwersytetu Jagiello\u0144skiego oraz studi\u00f3w magisterskich na Wydziale Ekonomii i Stosunk\u00f3w Mi\u0119dzynarodowych Uniwersytetu Ekonomicznego w Krakowie. Po uko\u0144czeniu studi\u00f3w odby\u0142am aplikacj\u0119 notarialn\u0105 przy Izbie Notarialnej w Krakowie. Pracowa\u0142am jako asystent notariusza w kancelariach notarialnych w Krakowie i Katowicach, a tak\u017ce jako asystent s\u0119dziego w S\u0105dzie Rejonowym w [&hellip;]<\/p>\n","protected":false},"author":1,"featured_media":0,"parent":0,"menu_order":0,"comment_status":"closed","ping_status":"open","template":"","meta":[],"acf":[],"yoast_head":"<!-- This site is optimized with the Yoast SEO plugin v20.1 - https:\/\/yoast.com\/wordpress\/plugins\/seo\/ -->\n<title>Kancelaria Notarialna Jaworzno | Notariusz Joanna Mazgaj<\/title>\n<meta name=\"description\" content=\"Jako osoba zaufania publicznego zapewniam profesjonalizm i rzetelno\u015b\u0107 oraz gwarantuj\u0119 merytoryczne i indywidualne podej\u015bcie do ka\u017cdej sprawy.\" \/>\n<meta name=\"robots\" content=\"index, follow, max-snippet:-1, max-image-preview:large, max-video-preview:-1\" \/>\n<link rel=\"canonical\" href=\"https:\/\/joannamazgaj.pl\/\" \/>\n<meta property=\"og:locale\" content=\"pl_PL\" \/>\n<meta property=\"og:type\" content=\"article\" \/>\n<meta property=\"og:title\" content=\"Kancelaria Notarialna Jaworzno | Notariusz Joanna Mazgaj\" \/>\n<meta property=\"og:description\" content=\"Jako osoba zaufania publicznego zapewniam profesjonalizm i rzetelno\u015b\u0107 oraz gwarantuj\u0119 merytoryczne i indywidualne podej\u015bcie do ka\u017cdej sprawy.\" \/>\n<meta property=\"og:url\" content=\"https:\/\/joannamazgaj.pl\/\" \/>\n<meta property=\"og:site_name\" content=\"Kancelaria Notarialna Jaworzno\" \/>\n<meta property=\"article:publisher\" content=\"https:\/\/www.facebook.com\/profile.php?id=100082824950930\" \/>\n<meta property=\"article:modified_time\" content=\"2025-11-25T22:27:02+00:00\" \/>\n<meta name=\"twitter:card\" content=\"summary_large_image\" \/>\n<meta name=\"twitter:label1\" content=\"Szacowany czas czytania\" \/>\n\t<meta name=\"twitter:data1\" content=\"1 minuta\" \/>\n<script type=\"application\/ld+json\" class=\"yoast-schema-graph\">{\"@context\":\"https:\/\/schema.org\",\"@graph\":[{\"@type\":\"WebPage\",\"@id\":\"https:\/\/joannamazgaj.pl\/\",\"url\":\"https:\/\/joannamazgaj.pl\/\",\"name\":\"Kancelaria Notarialna Jaworzno | Notariusz Joanna Mazgaj\",\"isPartOf\":{\"@id\":\"https:\/\/joannamazgaj.pl\/#website\"},\"datePublished\":\"2022-08-09T20:34:08+00:00\",\"dateModified\":\"2025-11-25T22:27:02+00:00\",\"description\":\"Jako osoba zaufania publicznego zapewniam profesjonalizm i rzetelno\u015b\u0107 oraz gwarantuj\u0119 merytoryczne i indywidualne podej\u015bcie do ka\u017cdej sprawy.\",\"breadcrumb\":{\"@id\":\"https:\/\/joannamazgaj.pl\/#breadcrumb\"},\"inLanguage\":\"pl-PL\",\"potentialAction\":[{\"@type\":\"ReadAction\",\"target\":[\"https:\/\/joannamazgaj.pl\/\"]}]},{\"@type\":\"BreadcrumbList\",\"@id\":\"https:\/\/joannamazgaj.pl\/#breadcrumb\",\"itemListElement\":[{\"@type\":\"ListItem\",\"position\":1,\"name\":\"Strona g\u0142\u00f3wna\",\"item\":\"https:\/\/joannamazgaj.pl\/\"},{\"@type\":\"ListItem\",\"position\":2,\"name\":\"Notariusz Joanna Mazgaj Jaworzno\"}]},{\"@type\":\"WebSite\",\"@id\":\"https:\/\/joannamazgaj.pl\/#website\",\"url\":\"https:\/\/joannamazgaj.pl\/\",\"name\":\"Kancelaria Notarialna Jaworzno | Notariusz Joanna Mazgaj\",\"description\":\"Notariusz Jaworzno\",\"publisher\":{\"@id\":\"https:\/\/joannamazgaj.pl\/#organization\"},\"potentialAction\":[{\"@type\":\"SearchAction\",\"target\":{\"@type\":\"EntryPoint\",\"urlTemplate\":\"https:\/\/joannamazgaj.pl\/?s={search_term_string}\"},\"query-input\":\"required name=search_term_string\"}],\"inLanguage\":\"pl-PL\"},{\"@type\":\"Organization\",\"@id\":\"https:\/\/joannamazgaj.pl\/#organization\",\"name\":\"Kancelaria Notarialna Jaworzno | Notariusz Joanna Mazgaj\",\"url\":\"https:\/\/joannamazgaj.pl\/\",\"logo\":{\"@type\":\"ImageObject\",\"inLanguage\":\"pl-PL\",\"@id\":\"https:\/\/joannamazgaj.pl\/#\/schema\/logo\/image\/\",\"url\":\"https:\/\/joannamazgaj.pl\/wp-content\/uploads\/2023\/02\/JMlogo.png\",\"contentUrl\":\"https:\/\/joannamazgaj.pl\/wp-content\/uploads\/2023\/02\/JMlogo.png\",\"width\":142,\"height\":124,\"caption\":\"Kancelaria Notarialna Jaworzno | Notariusz Joanna Mazgaj\"},\"image\":{\"@id\":\"https:\/\/joannamazgaj.pl\/#\/schema\/logo\/image\/\"},\"sameAs\":[\"https:\/\/www.facebook.com\/profile.php?id=100082824950930\"]}]}<\/script>\n<!-- \/ Yoast SEO plugin. -->","yoast_head_json":{"title":"Kancelaria Notarialna Jaworzno | Notariusz Joanna Mazgaj","description":"Jako osoba zaufania publicznego zapewniam profesjonalizm i rzetelno\u015b\u0107 oraz gwarantuj\u0119 merytoryczne i indywidualne podej\u015bcie do ka\u017cdej sprawy.","robots":{"index":"index","follow":"follow","max-snippet":"max-snippet:-1","max-image-preview":"max-image-preview:large","max-video-preview":"max-video-preview:-1"},"canonical":"https:\/\/joannamazgaj.pl\/","og_locale":"pl_PL","og_type":"article","og_title":"Kancelaria Notarialna Jaworzno | Notariusz Joanna Mazgaj","og_description":"Jako osoba zaufania publicznego zapewniam profesjonalizm i rzetelno\u015b\u0107 oraz gwarantuj\u0119 merytoryczne i indywidualne podej\u015bcie do ka\u017cdej sprawy.","og_url":"https:\/\/joannamazgaj.pl\/","og_site_name":"Kancelaria Notarialna Jaworzno","article_publisher":"https:\/\/www.facebook.com\/profile.php?id=100082824950930","article_modified_time":"2025-11-25T22:27:02+00:00","twitter_card":"summary_large_image","twitter_misc":{"Szacowany czas czytania":"1 minuta"},"schema":{"@context":"https:\/\/schema.org","@graph":[{"@type":"WebPage","@id":"https:\/\/joannamazgaj.pl\/","url":"https:\/\/joannamazgaj.pl\/","name":"Kancelaria Notarialna Jaworzno | Notariusz Joanna Mazgaj","isPartOf":{"@id":"https:\/\/joannamazgaj.pl\/#website"},"datePublished":"2022-08-09T20:34:08+00:00","dateModified":"2025-11-25T22:27:02+00:00","description":"Jako osoba zaufania publicznego zapewniam profesjonalizm i rzetelno\u015b\u0107 oraz gwarantuj\u0119 merytoryczne i indywidualne podej\u015bcie do ka\u017cdej sprawy.","breadcrumb":{"@id":"https:\/\/joannamazgaj.pl\/#breadcrumb"},"inLanguage":"pl-PL","potentialAction":[{"@type":"ReadAction","target":["https:\/\/joannamazgaj.pl\/"]}]},{"@type":"BreadcrumbList","@id":"https:\/\/joannamazgaj.pl\/#breadcrumb","itemListElement":[{"@type":"ListItem","position":1,"name":"Strona g\u0142\u00f3wna","item":"https:\/\/joannamazgaj.pl\/"},{"@type":"ListItem","position":2,"name":"Notariusz Joanna Mazgaj Jaworzno"}]},{"@type":"WebSite","@id":"https:\/\/joannamazgaj.pl\/#website","url":"https:\/\/joannamazgaj.pl\/","name":"Kancelaria Notarialna Jaworzno | Notariusz Joanna Mazgaj","description":"Notariusz Jaworzno","publisher":{"@id":"https:\/\/joannamazgaj.pl\/#organization"},"potentialAction":[{"@type":"SearchAction","target":{"@type":"EntryPoint","urlTemplate":"https:\/\/joannamazgaj.pl\/?s={search_term_string}"},"query-input":"required name=search_term_string"}],"inLanguage":"pl-PL"},{"@type":"Organization","@id":"https:\/\/joannamazgaj.pl\/#organization","name":"Kancelaria Notarialna Jaworzno | Notariusz Joanna Mazgaj","url":"https:\/\/joannamazgaj.pl\/","logo":{"@type":"ImageObject","inLanguage":"pl-PL","@id":"https:\/\/joannamazgaj.pl\/#\/schema\/logo\/image\/","url":"https:\/\/joannamazgaj.pl\/wp-content\/uploads\/2023\/02\/JMlogo.png","contentUrl":"https:\/\/joannamazgaj.pl\/wp-content\/uploads\/2023\/02\/JMlogo.png","width":142,"height":124,"caption":"Kancelaria Notarialna Jaworzno | Notariusz Joanna Mazgaj"},"image":{"@id":"https:\/\/joannamazgaj.pl\/#\/schema\/logo\/image\/"},"sameAs":["https:\/\/www.facebook.com\/profile.php?id=100082824950930"]}]}},"_links":{"self":[{"href":"https:\/\/joannamazgaj.pl\/index.php\/wp-json\/wp\/v2\/pages\/2"}],"collection":[{"href":"https:\/\/joannamazgaj.pl\/index.php\/wp-json\/wp\/v2\/pages"}],"about":[{"href":"https:\/\/joannamazgaj.pl\/index.php\/wp-json\/wp\/v2\/types\/page"}],"author":[{"embeddable":true,"href":"https:\/\/joannamazgaj.pl\/index.php\/wp-json\/wp\/v2\/users\/1"}],"replies":[{"embeddable":true,"href":"https:\/\/joannamazgaj.pl\/index.php\/wp-json\/wp\/v2\/comments?post=2"}],"version-history":[{"count":21,"href":"https:\/\/joannamazgaj.pl\/index.php\/wp-json\/wp\/v2\/pages\/2\/revisions"}],"predecessor-version":[{"id":72,"href":"https:\/\/joannamazgaj.pl\/index.php\/wp-json\/wp\/v2\/pages\/2\/revisions\/72"}],"wp:attachment":[{"href":"https:\/\/joannamazgaj.pl\/index.php\/wp-json\/wp\/v2\/media?parent=2"}],"curies":[{"name":"wp","href":"https:\/\/api.w.org\/{rel}","templated":true}]}}